{"id":162,"date":"2022-03-07T13:19:46","date_gmt":"2022-03-07T13:19:46","guid":{"rendered":"https:\/\/olivospatagonia.ar\/?page_id=162"},"modified":"2024-05-28T07:41:59","modified_gmt":"2024-05-28T07:41:59","slug":"proyecto","status":"publish","type":"page","link":"https:\/\/olivospatagonia.ar\/index.php\/proyecto\/","title":{"rendered":"Proyecto"},"content":{"rendered":"<p>[vc_row][vc_column][vc_custom_heading text=&#8221;Sobre el proyecto&#8221; font_container=&#8221;tag:h2|font_size:56|text_align:left|color:%235e5e5e|line_height:1&#8243; google_fonts=&#8221;font_family:Lora%3Aregular%2Citalic%2C700%2C700italic|font_style:400%20regular%3A400%3Anormal&#8221;][vc_row_inner][vc_column_inner][vc_custom_heading text=&#8221;El proyecto impulsa la creaci\u00f3n de un Polo Oliv\u00edcola Patag\u00f3nico de alcance regional aprovechando las ventajas y virtudes de la Patagonia, donde especialmente el Aceite de Oliva Virgen Extra nutrac\u00e9utico (beneficioso para la salud) ha demostrado con los an\u00e1lisis realizados, caracter\u00edsticas excepcionales comparado a los obtenidos en otras regiones del pa\u00eds y del mundo.<\/p>\n<p>El Polo responde a los lineamientos y alcances de los denominados Objetivos de Desarrollo Sostenible, con el prop\u00f3sito de lograr una transformaci\u00f3n de gran impacto en la regi\u00f3n, promoviendo una comunidad m\u00e1s equitativa que amplifique las oportunidades y el bienestar, mediante una producci\u00f3n sustentable en los aspectos: econ\u00f3micos, sociales, ambientales y bajo el respeto a las culturas, basado en tres ejes principales:&#8221; font_container=&#8221;tag:h2|font_size:18|text_align:left&#8221; google_fonts=&#8221;font_family:Raleway%3A100%2C200%2C300%2Cregular%2C500%2C600%2C700%2C800%2C900|font_style:400%20regular%3A400%3Anormal&#8221;][vc_separator][vc_custom_heading text=&#8221;\u2022 Eje 1: La construcci\u00f3n de un corredor productivo entre la ruralidad y los municipios peque\u00f1os y medianos de la zona que potencie el polo oliv\u00edcola, diversifique la matriz productiva regional apostando a desarrollos en conjunto con empresas nacionales y otras cadenas patag\u00f3nicas (hongos, pesca y mariscos, otras); revalorice la producci\u00f3n local; fortalezca la demanda local regional y nacional y oriente las producciones a la demanda creciente en mercados internacionales, generando riqueza en el territorio.&#8221; font_container=&#8221;tag:h2|font_size:18|text_align:left&#8221; google_fonts=&#8221;font_family:Raleway%3A100%2C200%2C300%2Cregular%2C500%2C600%2C700%2C800%2C900|font_style:400%20regular%3A400%3Anormal&#8221;][\/vc_column_inner][\/vc_row_inner][vc_custom_heading text=&#8221;\u2022 Eje 2: El fortalecimiento de un modelo de alianzas con las Instituciones P\u00fablicas, Privadas y de la sociedad Civil participantes, que de sustento institucional y fortalezca el entretejido social, certifique y monitoree la denominaci\u00f3n de origen y el control de calidad de los productos a desarrollar por el proyecto.&#8221; font_container=&#8221;tag:h2|font_size:18|text_align:left&#8221; google_fonts=&#8221;font_family:Raleway%3A100%2C200%2C300%2Cregular%2C500%2C600%2C700%2C800%2C900|font_style:400%20regular%3A400%3Anormal&#8221;][vc_custom_heading text=&#8221;\u2022 Eje 3: La pol\u00edtica de arraigo contemplada que se desarrollara mediante la implementaci\u00f3n y acompa\u00f1amiento a las comunidades, que fomente la radicaci\u00f3n territorial de familias de centros urbanos que buscan mejoras en sus condiciones de calidad de vida; as\u00ed como evitar el efecto migratorio de j\u00f3venes y familias locales, posibilit\u00e1ndoles oportunidades laborales de calidad en la zona. Articulando la actividad productiva y la inclusi\u00f3n social con actividades de formaci\u00f3n continua y proyectos de infraestructura social, como viviendas, en base las necesidades y expectativas de los integrantes del proyecto.&#8221; font_container=&#8221;tag:h2|font_size:18|text_align:left&#8221; google_fonts=&#8221;font_family:Raleway%3A100%2C200%2C300%2Cregular%2C500%2C600%2C700%2C800%2C900|font_style:400%20regular%3A400%3Anormal&#8221;][vc_empty_space height=&#8221;50px&#8221;][\/vc_column][\/vc_row][vc_row][vc_column][vc_custom_heading text=&#8221;Galer\u00eda&#8221; font_container=&#8221;tag:h2|font_size:26|text_align:center|color:%235e5e5e&#8221; google_fonts=&#8221;font_family:Lora%3Aregular%2Citalic%2C700%2C700italic|font_style:400%20regular%3A400%3Anormal&#8221;][vc_images_carousel images=&#8221;446,445,444,443,430&#8243; img_size=&#8221;large&#8221; slides_per_view=&#8221;5&#8243; autoplay=&#8221;yes&#8221; hide_pagination_control=&#8221;yes&#8221; wrap=&#8221;yes&#8221; css=&#8221;.vc_custom_1716882116677{margin-left: 100px !important;}&#8221;][\/vc_column][\/vc_row]<\/p>\n","protected":false},"excerpt":{"rendered":"<p>[vc_row][vc_column][vc_custom_heading text=&#8221;Sobre el proyecto&#8221; font_container=&#8221;tag:h2|font_size:56|text_align:left|color:%235e5e5e|line_height:1&#8243; google_fonts=&#8221;font_family:Lora%3Aregular%2Citalic%2C700%2C700italic|font_style:400%20regular%3A400%3Anormal&#8221;][vc_row_inner][vc_column_inner][vc_custom_heading text=&#8221;El proyecto impulsa la creaci\u00f3n de un Polo Oliv\u00edcola Patag\u00f3nico de alcance regional aprovechando las ventajas y virtudes de la Patagonia, donde especialmente el Aceite de Oliva Virgen Extra nutrac\u00e9utico (beneficioso para la salud) ha demostrado con los an\u00e1lisis realizados, caracter\u00edsticas excepcionales comparado a &hellip;<\/p>\n","protected":false},"author":1,"featured_media":0,"parent":0,"menu_order":0,"comment_status":"closed","ping_status":"closed","template":"","meta":{"footnotes":""},"class_list":["post-162","page","type-page","status-publish","hentry"],"_links":{"self":[{"href":"https:\/\/olivospatagonia.ar\/index.php\/wp-json\/wp\/v2\/pages\/162","targetHints":{"allow":["GET"]}}],"collection":[{"href":"https:\/\/olivospatagonia.ar\/index.php\/wp-json\/wp\/v2\/pages"}],"about":[{"href":"https:\/\/olivospatagonia.ar\/index.php\/wp-json\/wp\/v2\/types\/page"}],"author":[{"embeddable":true,"href":"https:\/\/olivospatagonia.ar\/index.php\/wp-json\/wp\/v2\/users\/1"}],"replies":[{"embeddable":true,"href":"https:\/\/olivospatagonia.ar\/index.php\/wp-json\/wp\/v2\/comments?post=162"}],"version-history":[{"count":44,"href":"https:\/\/olivospatagonia.ar\/index.php\/wp-json\/wp\/v2\/pages\/162\/revisions"}],"predecessor-version":[{"id":587,"href":"https:\/\/olivospatagonia.ar\/index.php\/wp-json\/wp\/v2\/pages\/162\/revisions\/587"}],"wp:attachment":[{"href":"https:\/\/olivospatagonia.ar\/index.php\/wp-json\/wp\/v2\/media?parent=162"}],"curies":[{"name":"wp","href":"https:\/\/api.w.org\/{rel}","templated":true}]}}

<p>[vc_row][vc_column][vc_custom_heading text=&#8221;Sobre el proyecto&#8221; font_container=&#8221;tag:h2|font_size:56|text_align:left|color:%235e5e5e|line_height:1&#8243; google_fonts=&#8221;font_family:Lora%3Aregular%2Citalic%2C700%2C700italic|font_style:400%20regular%3A400%3Anormal&#8221;][vc_row_inner][vc_column_inner][vc_custom_heading text=&#8221;El proyecto impulsa la creación de un Polo Olivícola Patagónico de alcance regional aprovechando las ventajas y virtudes de la Patagonia, donde especialmente el Aceite de Oliva Virgen Extra nutracéutico (beneficioso para la salud) ha demostrado con los análisis realizados, características excepcionales comparado a los obtenidos en otras regiones del país y del mundo.</p>
<p>El Polo responde a los lineamientos y alcances de los denominados Objetivos de Desarrollo Sostenible, con el propósito de lograr una transformación de gran impacto en la región, promoviendo una comunidad más equitativa que amplifique las oportunidades y el bienestar, mediante una producción sustentable en los aspectos: económicos, sociales, ambientales y bajo el respeto a las culturas, basado en tres ejes principales:&#8221; font_container=&#8221;tag:h2|font_size:18|text_align:left&#8221; google_fonts=&#8221;font_family:Raleway%3A100%2C200%2C300%2Cregular%2C500%2C600%2C700%2C800%2C900|font_style:400%20regular%3A400%3Anormal&#8221;][vc_separator][vc_custom_heading text=&#8221;• Eje 1: La construcción de un corredor productivo entre la ruralidad y los municipios pequeños y medianos de la zona que potencie el polo olivícola, diversifique la matriz productiva regional apostando a desarrollos en conjunto con empresas nacionales y otras cadenas patagónicas (hongos, pesca y mariscos, otras); revalorice la producción local; fortalezca la demanda local regional y nacional y oriente las producciones a la demanda creciente en mercados internacionales, generando riqueza en el territorio.&#8221; font_container=&#8221;tag:h2|font_size:18|text_align:left&#8221; google_fonts=&#8221;font_family:Raleway%3A100%2C200%2C300%2Cregular%2C500%2C600%2C700%2C800%2C900|font_style:400%20regular%3A400%3Anormal&#8221;][/vc_column_inner][/vc_row_inner][vc_custom_heading text=&#8221;• Eje 2: El fortalecimiento de un modelo de alianzas con las Instituciones Públicas, Privadas y de la sociedad Civil participantes, que de sustento institucional y fortalezca el entretejido social, certifique y monitoree la denominación de origen y el control de calidad de los productos a desarrollar por el proyecto.&#8221; font_container=&#8221;tag:h2|font_size:18|text_align:left&#8221; google_fonts=&#8221;font_family:Raleway%3A100%2C200%2C300%2Cregular%2C500%2C600%2C700%2C800%2C900|font_style:400%20regular%3A400%3Anormal&#8221;][vc_custom_heading text=&#8221;• Eje 3: La política de arraigo contemplada que se desarrollara mediante la implementación y acompañamiento a las comunidades, que fomente la radicación territorial de familias de centros urbanos que buscan mejoras en sus condiciones de calidad de vida; así como evitar el efecto migratorio de jóvenes y familias locales, posibilitándoles oportunidades laborales de calidad en la zona. Articulando la actividad productiva y la inclusión social con actividades de formación continua y proyectos de infraestructura social, como viviendas, en base las necesidades y expectativas de los integrantes del proyecto.&#8221; font_container=&#8221;tag:h2|font_size:18|text_align:left&#8221; google_fonts=&#8221;font_family:Raleway%3A100%2C200%2C300%2Cregular%2C500%2C600%2C700%2C800%2C900|font_style:400%20regular%3A400%3Anormal&#8221;][vc_empty_space height=&#8221;50px&#8221;][/vc_column][/vc_row][vc_row][vc_column][vc_custom_heading text=&#8221;Galería&#8221; font_container=&#8221;tag:h2|font_size:26|text_align:center|color:%235e5e5e&#8221; google_fonts=&#8221;font_family:Lora%3Aregular%2Citalic%2C700%2C700italic|font_style:400%20regular%3A400%3Anormal&#8221;][vc_images_carousel images=&#8221;446,445,444,443,430&#8243; img_size=&#8221;large&#8221; slides_per_view=&#8221;5&#8243; autoplay=&#8221;yes&#8221; hide_pagination_control=&#8221;yes&#8221; wrap=&#8221;yes&#8221; css=&#8221;.vc_custom_1716882116677{margin-left: 100px !important;}&#8221;][/vc_column][/vc_row]</p>

<p>[vc_row][vc_column][vc_custom_heading text=&#8221;Sobre el proyecto&#8221; font_container=&#8221;tag:h2|font_size:56|text_align:left|color:%235e5e5e|line_height:1&#8243; google_fonts=&#8221;font_family:Lora%3Aregular%2Citalic%2C700%2C700italic|font_style:400%20regular%3A400%3Anormal&#8221;][vc_row_inner][vc_column_inner][vc_custom_heading text=&#8221;El proyecto impulsa la creación de un Polo Olivícola Patagónico de alcance regional aprovechando las ventajas y virtudes de la Patagonia, donde especialmente el Aceite de Oliva Virgen Extra nutracéutico (beneficioso para la salud) ha demostrado con los análisis realizados, características excepcionales comparado a &hellip;</p>
