{"id":631,"date":"2025-05-30T16:14:20","date_gmt":"2025-05-30T16:14:20","guid":{"rendered":"https:\/\/olivospatagonia.ar\/?page_id=631"},"modified":"2025-06-02T14:46:04","modified_gmt":"2025-06-02T14:46:04","slug":"invierta-en-olivicultura","status":"publish","type":"page","link":"https:\/\/olivospatagonia.ar\/index.php\/invierta-en-olivicultura\/","title":{"rendered":"Invierta en Olivicultura"},"content":{"rendered":"<p>[vc_row][vc_column][vc_custom_heading text=&#8221;Olivicultura Inteligente y Eficiente&#8221; font_container=&#8221;tag:h2|font_size:56|text_align:left|color:%235e5e5e&#8221; google_fonts=&#8221;font_family:Lora%3Aregular%2Citalic%2C700%2C700italic|font_style:400%20regular%3A400%3Anormal&#8221;][vc_custom_heading text=&#8221;Creamos un modelo tecnol\u00f3gico oliv\u00edcola adaptado a los retos de la agricultura patag\u00f3nica.<\/p>\n<p>Combinamos pr\u00e1cticas sustentables y tecnolog\u00edas inteligentes accesibles procurando la productividad y rentabilidad del olivar, el consumo eficiente de recursos y la protecci\u00f3n de la biodiversidad.&#8221; font_container=&#8221;tag:h2|font_size:18|text_align:left&#8221; google_fonts=&#8221;font_family:Raleway%3A100%2C200%2C300%2Cregular%2C500%2C600%2C700%2C800%2C900|font_style:400%20regular%3A400%3Anormal&#8221;][vc_single_image image=&#8221;648&#8243; img_size=&#8221;full&#8221;][\/vc_column][\/vc_row][vc_row][vc_column][vc_custom_heading text=&#8221;Paquete Tecnol\u00f3gico Oliv\u00edcola Patag\u00f3nico&#8221; font_container=&#8221;tag:h2|font_size:56|text_align:left|color:%235e5e5e&#8221; google_fonts=&#8221;font_family:Lora%3Aregular%2Citalic%2C700%2C700italic|font_style:400%20regular%3A400%3Anormal&#8221;][vc_custom_heading text=&#8221;Un paquete tecnol\u00f3gico llave en mano en olivicultura incluye todos los componentes necesarios para establecer y gestionar una plantaci\u00f3n de olivos de manera eficiente y rentable, optimizando recursos y asegurando resultados.&#8221; font_container=&#8221;tag:h2|font_size:18|text_align:left&#8221; google_fonts=&#8221;font_family:Raleway%3A100%2C200%2C300%2Cregular%2C500%2C600%2C700%2C800%2C900|font_style:400%20regular%3A400%3Anormal&#8221;][vc_empty_space][vc_row_inner][vc_column_inner width=&#8221;1\/6&#8243;][vc_icon icon_fontawesome=&#8221;fas fa-chart-line&#8221; color=&#8221;green&#8221; background_style=&#8221;boxed&#8221; align=&#8221;center&#8221;][vc_custom_heading text=&#8221;\u2022 Selecci\u00f3n del terreno y an\u00e1lisis inicial&#8221; font_container=&#8221;tag:h2|font_size:18|text_align:center&#8221; google_fonts=&#8221;font_family:Raleway%3A100%2C200%2C300%2Cregular%2C500%2C600%2C700%2C800%2C900|font_style:400%20regular%3A400%3Anormal&#8221;][\/vc_column_inner][vc_column_inner width=&#8221;1\/6&#8243;][vc_icon icon_fontawesome=&#8221;fas fa-pencil-ruler&#8221; color=&#8221;green&#8221; background_style=&#8221;boxed&#8221; align=&#8221;center&#8221;][vc_custom_heading text=&#8221;\u2022 Dise\u00f1o del sistema productivo&#8221; font_container=&#8221;tag:h2|font_size:18|text_align:center&#8221; google_fonts=&#8221;font_family:Raleway%3A100%2C200%2C300%2Cregular%2C500%2C600%2C700%2C800%2C900|font_style:400%20regular%3A400%3Anormal&#8221;][\/vc_column_inner][vc_column_inner width=&#8221;1\/6&#8243;][vc_icon icon_fontawesome=&#8221;fas fa-wrench&#8221; color=&#8221;green&#8221; background_style=&#8221;boxed&#8221; align=&#8221;center&#8221;][vc_custom_heading text=&#8221;\u2022 Infraestructura inicial y manejo agroecol\u00f3gico&#8221; font_container=&#8221;tag:h2|font_size:18|text_align:center&#8221; google_fonts=&#8221;font_family:Raleway%3A100%2C200%2C300%2Cregular%2C500%2C600%2C700%2C800%2C900|font_style:400%20regular%3A400%3Anormal&#8221;][\/vc_column_inner][vc_column_inner width=&#8221;1\/6&#8243;][vc_icon icon_fontawesome=&#8221;fas fa-dna&#8221; color=&#8221;green&#8221; background_style=&#8221;boxed&#8221; align=&#8221;center&#8221;][vc_custom_heading text=&#8221;\u2022 Material gen\u00e9tico y plantaci\u00f3n&#8221; font_container=&#8221;tag:h2|font_size:18|text_align:center&#8221; google_fonts=&#8221;font_family:Raleway%3A100%2C200%2C300%2Cregular%2C500%2C600%2C700%2C800%2C900|font_style:400%20regular%3A400%3Anormal&#8221;][\/vc_column_inner][vc_column_inner width=&#8221;1\/6&#8243;][vc_icon icon_fontawesome=&#8221;fas fa-tasks&#8221; color=&#8221;green&#8221; background_style=&#8221;boxed&#8221; align=&#8221;center&#8221;][vc_custom_heading text=&#8221;\u2022 Tecnolog\u00eda y monitoreo&#8221; font_container=&#8221;tag:h2|font_size:18|text_align:center&#8221; google_fonts=&#8221;font_family:Raleway%3A100%2C200%2C300%2Cregular%2C500%2C600%2C700%2C800%2C900|font_style:400%20regular%3A400%3Anormal&#8221;][\/vc_column_inner][vc_column_inner width=&#8221;1\/6&#8243;][vc_icon icon_fontawesome=&#8221;fas fa-calculator&#8221; color=&#8221;green&#8221; background_style=&#8221;boxed&#8221; align=&#8221;center&#8221;][vc_custom_heading text=&#8221;\u2022 Comercializaci\u00f3n y seguimiento&#8221; font_container=&#8221;tag:h2|font_size:18|text_align:center&#8221; google_fonts=&#8221;font_family:Raleway%3A100%2C200%2C300%2Cregular%2C500%2C600%2C700%2C800%2C900|font_style:400%20regular%3A400%3Anormal&#8221;][\/vc_column_inner][\/vc_row_inner][vc_custom_heading text=&#8221;Cada paso en nuestro proceso de producci\u00f3n est\u00e1 supervisado con rigurosos est\u00e1ndares de calidad, desde la selecci\u00f3n de las variedades hasta el seguimiento del desarrollo de las plantas. Esta dedicaci\u00f3n nos ha permitido consolidarnos como referentes en la producci\u00f3n de olivos en el sur del pa\u00eds.&#8221; font_container=&#8221;tag:h2|font_size:18|text_align:left&#8221; google_fonts=&#8221;font_family:Raleway%3A100%2C200%2C300%2Cregular%2C500%2C600%2C700%2C800%2C900|font_style:400%20regular%3A400%3Anormal&#8221;][vc_separator css=&#8221;.vc_custom_1748624399074{margin-top: 32px !important;}&#8221;][\/vc_column][\/vc_row][vc_row][vc_column width=&#8221;1\/4&#8243;][vc_single_image image=&#8221;651&#8243; img_size=&#8221;full&#8221; alignment=&#8221;center&#8221;][\/vc_column][vc_column width=&#8221;3\/4&#8243;][vc_custom_heading text=&#8221;Vivero Especializado en Olivos&#8221; font_container=&#8221;tag:h2|font_size:56|text_align:left|color:%235e5e5e&#8221; google_fonts=&#8221;font_family:Lora%3Aregular%2Citalic%2C700%2C700italic|font_style:400%20regular%3A400%3Anormal&#8221;][vc_custom_heading text=&#8221;Nos especializamos en la producci\u00f3n y rusticaci\u00f3n de olivos adaptados al exigente ambiente patag\u00f3nico. Contamos con el vivero certificado por SENASA e INASE m\u00e1s austral del pa\u00eds, lo que nos permite garantizar la calidad y sanidad de cada una de nuestras plantas.&#8221; font_container=&#8221;tag:h2|font_size:18|text_align:left&#8221; google_fonts=&#8221;font_family:Raleway%3A100%2C200%2C300%2Cregular%2C500%2C600%2C700%2C800%2C900|font_style:400%20regular%3A400%3Anormal&#8221;][vc_custom_heading text=&#8221;Nuestra misi\u00f3n es ofrecer plantas de olivo perfectamente adaptadas a las condiciones clim\u00e1ticas de la Patagonia, permitiendo a nuestros clientes establecer olivares productivos, resistentes y sostenibles. Gracias a nuestras t\u00e9cnicas de propagaci\u00f3n y cuidado, aseguramos que cada ejemplar que sale de nuestro vivero tenga el potencial necesario para prosperar y desarrollarse plenamente.&#8221; font_container=&#8221;tag:h2|font_size:18|text_align:left&#8221; google_fonts=&#8221;font_family:Raleway%3A100%2C200%2C300%2Cregular%2C500%2C600%2C700%2C800%2C900|font_style:400%20regular%3A400%3Anormal&#8221;][\/vc_column][\/vc_row][vc_row][vc_column][vc_separator css=&#8221;.vc_custom_1748624399074{margin-top: 32px !important;}&#8221;][vc_custom_heading text=&#8221;Lo asesoramos durante todo el a\u00f1o para lograr un olivar sano, rentable y sustentable, brindando la tranquilidad que necesita.&#8221; font_container=&#8221;tag:h2|font_size:18|text_align:left&#8221; google_fonts=&#8221;font_family:Raleway%3A100%2C200%2C300%2Cregular%2C500%2C600%2C700%2C800%2C900|font_style:400%20regular%3A400%3Anormal&#8221;][vc_custom_heading text=&#8221;Comun\u00edquese a olivospatagonia@isur.com.ar para recibir informaci\u00f3n&#8221; font_container=&#8221;tag:h2|font_size:18|text_align:left&#8221; google_fonts=&#8221;font_family:Raleway%3A100%2C200%2C300%2Cregular%2C500%2C600%2C700%2C800%2C900|font_style:600%20bold%20regular%3A600%3Anormal&#8221;][\/vc_column][\/vc_row]<\/p>\n","protected":false},"excerpt":{"rendered":"<p>[vc_row][vc_column][vc_custom_heading text=&#8221;Olivicultura Inteligente y Eficiente&#8221; font_container=&#8221;tag:h2|font_size:56|text_align:left|color:%235e5e5e&#8221; google_fonts=&#8221;font_family:Lora%3Aregular%2Citalic%2C700%2C700italic|font_style:400%20regular%3A400%3Anormal&#8221;][vc_custom_heading text=&#8221;Creamos un modelo tecnol\u00f3gico oliv\u00edcola adaptado a los retos de la agricultura patag\u00f3nica. Combinamos pr\u00e1cticas sustentables y tecnolog\u00edas inteligentes accesibles procurando la productividad y rentabilidad del olivar, el consumo eficiente de recursos y la protecci\u00f3n de la biodiversidad.&#8221; font_container=&#8221;tag:h2|font_size:18|text_align:left&#8221; google_fonts=&#8221;font_family:Raleway%3A100%2C200%2C300%2Cregular%2C500%2C600%2C700%2C800%2C900|font_style:400%20regular%3A400%3Anormal&#8221;][vc_single_image image=&#8221;648&#8243; img_size=&#8221;full&#8221;][\/vc_column][\/vc_row][vc_row][vc_column][vc_custom_heading text=&#8221;Paquete &hellip;<\/p>\n","protected":false},"author":1,"featured_media":0,"parent":0,"menu_order":0,"comment_status":"closed","ping_status":"closed","template":"","meta":{"footnotes":""},"class_list":["post-631","page","type-page","status-publish","hentry"],"_links":{"self":[{"href":"https:\/\/olivospatagonia.ar\/index.php\/wp-json\/wp\/v2\/pages\/631","targetHints":{"allow":["GET"]}}],"collection":[{"href":"https:\/\/olivospatagonia.ar\/index.php\/wp-json\/wp\/v2\/pages"}],"about":[{"href":"https:\/\/olivospatagonia.ar\/index.php\/wp-json\/wp\/v2\/types\/page"}],"author":[{"embeddable":true,"href":"https:\/\/olivospatagonia.ar\/index.php\/wp-json\/wp\/v2\/users\/1"}],"replies":[{"embeddable":true,"href":"https:\/\/olivospatagonia.ar\/index.php\/wp-json\/wp\/v2\/comments?post=631"}],"version-history":[{"count":19,"href":"https:\/\/olivospatagonia.ar\/index.php\/wp-json\/wp\/v2\/pages\/631\/revisions"}],"predecessor-version":[{"id":658,"href":"https:\/\/olivospatagonia.ar\/index.php\/wp-json\/wp\/v2\/pages\/631\/revisions\/658"}],"wp:attachment":[{"href":"https:\/\/olivospatagonia.ar\/index.php\/wp-json\/wp\/v2\/media?parent=631"}],"curies":[{"name":"wp","href":"https:\/\/api.w.org\/{rel}","templated":true}]}}